 is -1101020324 + 12?
-1101020312
In base 16, what is 1 + -32b3b3d?
-32b3b3c
In base 6, what is 50 + -21552515?
-21552425
In base 6, what is 44213103 + -43?
44213020
In base 6, what is 150220 - -225?
150445
In base 3, what is 12 - -10221202221100?
10221202221112
In base 16, what is 102e587c + 3?
102e587f
In base 11, what is 259a475 + -2?
259a473
In base 13, what is -58a3ba3 - -2?
-58a3ba1
In base 8, what is 73 + -57750?
-57655
In base 14, what is 1d6 + 60b337?
60b52d
In base 7, what is 2436 - 6456?
-4020
In base 15, what is 0 + -1c5d2d?
-1c5d2d
In base 6, what is -4 + 10541555455?
10541555451
In base 11, what is -34591a - 13?
-345932
In base 9, what is -271 - -773670?
773388
In base 16, what is 1a8d1 - -131?
1aa02
In base 3, what is -210 - -11221020201101?
11221020200121
In base 13, what is 0 + -32288cc?
-32288cc
In base 15, what is c61230 + a?
c6123a
In base 15, what is -1786374 - -4?
-1786370
In base 7, what is -5 - 202430204?
-202430212
In base 12, what is 84593 - 128?
84467
In base 8, what is -16 + 4610706?
4610670
In base 5, what is 141 + -3014300021?
-3014244330
In base 2, what is -10100111110000010101101011 - -1000?
-10100111110000010101100011
In base 4, what is -30230113100133 + 0?
-30230113100133
In base 8, what is 6764605136 - 1?
6764605135
In base 10, what is -75 - -387173?
387098
In base 12, what is -5 + 10b0599b?
10b05996
In base 11, what is 3 + -7a45681?
-7a45679
In base 4, what is 1000003302 + -222?
1000003020
In base 3, what is -2020002 + -1021021020?
-1100111022
In base 13, what is -4 - 84b05a2?
-84b05a6
In base 10, what is -903 - -106306?
105403
In base 14, what is 4b1646 - 4?
4b1642
In base 6, what is 2 + -44042431?
-44042425
In base 13, what is 1bc227 + 8c?
1bc2b6
In base 13, what is -91676 + 23?
-91653
In base 3, what is -1212222110 - 1012?
-1220000122
In base 6, what is 20005543 - 1?
20005542
In base 13, what is -4 - -b3c0c0?
b3c0b9
In base 7, what is -11253 - -12153?
600
In base 9, what is 218 - 2401438?
-2401220
In base 7, what is -64443 - 32013?
-126456
In base 15, what is -382 - 1bcc9?
-1c15b
In base 2, what is 10 + -1110000001110101000110?
-1110000001110101000100
In base 15, what is -cb67d6b - 4?
-cb67d70
In base 5, what is -20413420 + -4100?
-20423020
In base 10, what is 2823321 + 0?
2823321
In base 11, what is 4023018 - 2?
4023016
In base 15, what is 77 + 24061?
240d8
In base 3, what is 101102 + 12122000101?
12122101210
In base 9, what is 87008600 + -1?
87008588
In base 10, what is 6081981 + 9?
6081990
In base 9, what is 3 + 451484647?
451484651
In base 5, what is 4 - 12230044242?
-12230044233
In base 7, what is -1562 - -30064?
25202
In base 7, what is -5100 + 25306?
20206
In base 9, what is 12 + 344562?
344574
In base 4, what is 132023 + 221013?
1013102
In base 11, what is -a05966 - -52?
-a05914
In base 6, what is -15231 + 1151?
-14040
In base 4, what is -230212222 + -23311?
-230302133
In base 4, what is 121 - -1333032212?
1333032333
In base 4, what is 232201021112 + 1?
232201021113
In base 12, what is 56 + -52094?
-5203a
In base 6, what is 3204441422 - -13?
3204441435
In base 13, what is a60 - -935?
1695
In base 11, what is 599 - 3590?
-2aa2
In base 13, what is 21b32 + -c?
21b23
In base 4, what is -2 - 32231101202?
-32231101210
In base 16, what is -f6866 + 18?
-f684e
In base 5, what is 11210331 + 10331?
11221212
In base 9, what is -27361 - -271?
-27080
In base 6, what is 2 + -140443014?
-140443012
In base 11, what is 1a587001 + 3?
1a587004
In base 10, what is 1 - -5192618?
5192619
In base 3, what is 102111001 + 201220?
110012221
In base 10, what is 4580 + -2190?
2390
In base 8, what is -5 + 1662314?
1662307
In base 16, what is -1a5632c + -2?
-1a5632e
In base 2, what is -111011 - -10111011110000110011?
10111011101111111000
In base 4, what is -203230331131 - 3?
-203230331200
In base 16, what is c278 - 9ae?
b8ca
In base 15, what is 49 + 40edeb?
40ee45
In base 12, what is -4 - 415248?
-415250
In base 12, what is -785695 + 15?
-785680
In base 6, what is 34055 + 22122?
100221
In base 6, what is -1100452510 + 2?
-1100452504
In base 16, what is e + -71c463?
-71c455
In base 10, what is -29341926 + -7?
-29341933
In base 4, what is -312320233132 - 3?
-312320233201
In base 15, what is -4e9b0 + -3a9?
-4ed69
In base 11, what is -35973 + -347?
-3620a
In base 15, what is -7 - 37b524c?
-37b5254
In base 4, what is 32 - -10203133303?
10203200001
In base 15, what is -a + 4a88cc?
4a88c2
In base 3, what is -200201202111121 - 120?
-200201202112011
In base 13, what is -16b5065 - 7?
-16b506c
In base 9, what is 3 - -17265848?
17265852
In base 14, what is -5 - -36398da?
36398d5
In base 14, what is -1 - -217d41?
217d40
In base 2, what is 11011111000001111 + 111100110000?
11100110100111111
In base 12, what is -4796894 + 2?
-4796892
In base 12, what is 1 - -a650b61?
a650b62
In base 5, what is 4 - 2004142210?
-2004142201
In base 2, what is 10010101110010 - 10010000?
10010011100010
In base 14, what is -93b - 1aa5b?
-1b598
In base 10, what is -2296258559 - 5?
-2296258564
In base 7, what is 162312 - 40042?
122240
In base 5, what is 4440334 - 13403?
4421431
In base 5, what is -10241 + -1321203?
-1331444
In base 6, what is 1034221513 + -4?
1034221505
In base 5, what is 1102032410 - -143?
1102033103
In base 3, what is -12110121001001020 - 1?
-12110121001001021
In base 16, what is -1a1c0d8b + 1?
-1a1c0d8a
In base 2, what is -10101011011011100 + -1010010101?
-10101100101110001
In base 9, what is -3185371 + 75?
-3185285
In base 8, what is 1403623 + 207?
1404032
In base 9, what is -7822074 + -4?
-7822078
In base 11, what is 304524 + 4a3?
304a17
In base 15, what is 0 - -30b8549?
30b8549
In base 8, what is -333271 + 47?
-333222
In base 7, what is -221212626 + -4?
-221212633
In base 10, what is -15 + -95767654?
-95767669
In base 3, what is -11001212022 - -120201?
-11001021121
In base 9, what is 2651031 - 108?
2650822
In base 16, what is -6 + -68b43?
-68b49
In base 7, what is 34540 - 162452?
-124612
In base 6, what is -25254013 - 0?
-25254013
In base 10, what is 13676435 + 8?
13676443
In base 8, what is 4 + -45416437?
-45416433
In base 11, what is -15aa - 52a4a3?
-530aa2
In base 7, what is -2300464263 + 4?
-2300464256
In base 8, what is 230 + -1700234?
-1700004
In base 7, what is 44643605 + 1?
44643606
In base 9, what is -2 - -68126326?
68126324
In base 13, what is 1c6c565 + 4?
1c6c569
In base 4, what is 0 + 3023131130312?
3023131130312
In base 2, what is 1110010000110000011000011011 + -11?
1110010000110000011000011000
In base 15, what is -473772a - 0?
-473772a
In base 15, what is -3 - ce6ce?
-ce6d2
In base 15, what is -17b2b5 + -1a?
-17b2d0
In base 16, what is 135db + b7?
13692
In base 6, what is -12450121 - 22?
-12450143
In base 11, what is -174 - -67320?
67157
In base 13, what is 2 + -121c21?
-121c1c
In base 3, what is -10202111220 - 1102?
-10202120022
In base 5, what is -241422 + 304?
-241113
In base 6, what is 5 - 254031504?
-254031455
In base 7, what is 340465041 - -4?
340465045
In base 6, what is 123240 - 1522?
121314
In base 8, what is -11170003 - -14?
-11167767
In base 2, what is -10100000010101 + -10111111?
-10100011010100
In base 4, what is -23 - 1033002133?
-1033002222
In base 16, what is -5f21 - 2a4?
-61c5
In base 15, what is -9 + -1826dd1?
-1826dda
In base 9, what is -16486 + 28381?
11784
In base 5, what is -14011113 - -11110?
-14000003
In base 8, what is 47274 - -126?
47422
In base 6, what is 343021344 + -33?
343021311
In base 6, what is -323130 - -2123?
-321003
In base 6, what is -23345205055 - 0?
-23345205055
In base 8, what is -1276442141 - 5?
-1276442146
In base 2, what is -1001101 + -11010010111101010?
-11010011000110111
In base 8, what is -2300 - -362343?
360043
In base 6, what is 1112 - -132020?
133132
In base 11, what is -1326483a + -12?
-13264851
In base 12, what is ba92636a + -2?
ba926368
In base 3, what is -12 - 10012210122110122?
-10012210122110211
In base 8, what is 23070 + -2455?
20413
In base 13, what is -b22 + 10211?
c3bc
In base 8, what is 677 + 4262?
5161
In base 6, what is 5 + 2422054223?
2422054232
In base 5, what is 113033140 - -30?
113033220
In base 16, what is 658 - 1d3?
485
In base 10, what is -137 - -15564?
15427
In base 9, what is 140307726 - 3?
140307723
In base 14, what is 11096210 - 9?
11096205
In base 3, wha